{"id":101,"date":"2016-05-06T22:50:42","date_gmt":"2016-05-06T20:50:42","guid":{"rendered":"http:\/\/www.fermette-didou.fr\/?product=cote-x2"},"modified":"2025-05-06T10:46:48","modified_gmt":"2025-05-06T08:46:48","slug":"cote-x2","status":"publish","type":"product","link":"http:\/\/www.fermette-didou.fr\/?product=cote-x2","title":{"rendered":"C\u00f4tes x2"},"content":{"rendered":"","protected":false},"excerpt":{"rendered":"<p><strong>C\u00f4tes en paquet sous-vide de 450 \u00e0 500 g. Prix = 13,34\u20ac \/ Kg<\/strong><\/p>\n<p><em>NB : les prix indiqu\u00e9s sont indicatifs. Le prix final tiendra compte du poids r\u00e9el du paquet.<\/em><\/p>\n","protected":false},"featured_media":1185,"comment_status":"open","ping_status":"closed","template":"","meta":[],"product_brand":[],"product_cat":[8],"product_tag":[],"class_list":{"0":"post-101","1":"product","2":"type-product","3":"status-publish","4":"has-post-thumbnail","6":"product_cat-viande-de-porc","8":"first","9":"instock","10":"shipping-taxable","11":"purchasable","12":"product-type-simple"},"_links":{"self":[{"href":"http:\/\/www.fermette-didou.fr\/index.php?rest_route=\/wp\/v2\/product\/101","targetHints":{"allow":["GET"]}}],"collection":[{"href":"http:\/\/www.fermette-didou.fr\/index.php?rest_route=\/wp\/v2\/product"}],"about":[{"href":"http:\/\/www.fermette-didou.fr\/index.php?rest_route=\/wp\/v2\/types\/product"}],"replies":[{"embeddable":true,"href":"http:\/\/www.fermette-didou.fr\/index.php?rest_route=%2Fwp%2Fv2%2Fcomments&post=101"}],"wp:featuredmedia":[{"embeddable":true,"href":"http:\/\/www.fermette-didou.fr\/index.php?rest_route=\/wp\/v2\/media\/1185"}],"wp:attachment":[{"href":"http:\/\/www.fermette-didou.fr\/index.php?rest_route=%2Fwp%2Fv2%2Fmedia&parent=101"}],"wp:term":[{"taxonomy":"product_brand","embeddable":true,"href":"http:\/\/www.fermette-didou.fr\/index.php?rest_route=%2Fwp%2Fv2%2Fproduct_brand&post=101"},{"taxonomy":"product_cat","embeddable":true,"href":"http:\/\/www.fermette-didou.fr\/index.php?rest_route=%2Fwp%2Fv2%2Fproduct_cat&post=101"},{"taxonomy":"product_tag","embeddable":true,"href":"http:\/\/www.fermette-didou.fr\/index.php?rest_route=%2Fwp%2Fv2%2Fproduct_tag&post=101"}],"curies":[{"name":"wp","href":"https:\/\/api.w.org\/{rel}","templated":true}]}}